 = s. Let g(q) = -q. Let t(o) = 6*g(o) + 5*w(o). What is the units digit of t(r)?
5
Suppose g + 10 = -u + 3, 0 = g - 3*u - 5. Let q(c) = -c**3 - 2*c**2 + 3*c - 3. What is the units digit of q(g)?
7
Let l = -25 + 38. What is the units digit of l?
3
Suppose 0 = 3*i - 2*d - 13, -4*i - i + 13 = d. What is the units digit of -6*(-6)/27*i?
4
Let w = -1 - -3. Suppose 0*a = w*a - 10. What is the units digit of a?
5
What is the units digit of (-6*20/(-3))/(26/65)?
0
Let q = -9 + 3. What is the units digit of 42/4 + (-9)/q?
2
Suppose 7 = u - 5*n, 2*n + 2*n = -u - 11. Let k = 21 + -15. Let b = k + u. What is the units digit of b?
3
Let s = 212 + -33. What is the hundreds digit of s?
1
Let l = 56 + 36. What is the units digit of l?
2
Let c = 0 - -6. Suppose 0 = -3*l + 5*w + 77, 3*l = -4*w + 5*w + 61. Let r = l - c. What is the tens digit of r?
1
Let g = 21 - 9. What is the units digit of g?
2
Let l be 0*1/12*4. What is the tens digit of (l - -1) + 196/4?
5
Let y(q) = 2*q + 7 + 8 - 5*q. Let k(z) = 2*z - 10. Let u(w) = 8*k(w) + 5*y(w). What is the units digit of u(7)?
2
Let q(j) = 7. Let s(y) = y - 36. Let p(f) = -11*q(f) - 2*s(f). What is the units digit of p(-5)?
5
Let k = 13 - 21. Let i be 1/(-4) - 34/k. Suppose i*o - 8 = 0, 3*y - o - 8 = 2*y. What is the tens digit of y?
1
Let w(t) = 3*t**2. Suppose 0 = g - 3*h - 19, 11 = 4*g + h - 0*h. What is the units digit of w(g)?
8
Suppose 2*j = -j. Let b(g) = 2*g**2 + 4*g - 1. Let n be b(-3). Suppose -5*o = -n*a + 60, 0 = a - j*o + o - 2. What is the units digit of a?
7
Suppose r - 737 = -4*s, -4*s + 560 = -r - 167. What is the units digit of s?
3
Let j(t) = t**3 - t**2 - 2*t - 1. Let r be j(2). Let x = r - -7. What is the units digit of x?
6
Let r = 69 + -25. What is the tens digit of r?
4
Let p(m) = -17*m - 8. What is the tens digit of p(-4)?
6
Let b be (-3)/((8/22)/(-4)). Suppose -b = 4*c - 201. What is the units digit of c?
2
Let x = -52 + 96. What is the tens digit of x?
4
Suppose 10*r - 5*r - 60 = 0. Let i = 4 - -9. Suppose -i = -5*b + r. What is the units digit of b?
5
Suppose 3*f + 9 = 69. Let a = f - 4. Suppose 3*b - 2 - a = 0. What is the units digit of b?
6
Suppose 5*h = 0, p + 3*p + 3*h + 180 = 0. What is the units digit of (-4)/5*p/6?
6
Suppose 11*w - 6*w = 20. Let i(g) = -g + 5*g + 5*g - w - g**2. What is the units digit of i(8)?
4
Suppose 19*d - 16*d - 393 = 0. What is the hundreds digit of d?
1
Let s = 292 - 164. What is the tens digit of s?
2
Let i(s) = -3*s + 1. Let t be i(3). Let g be (10/t)/((-2)/8). Suppose -2*b - 3*m = -28, -g*b + 4*m + 49 = m. What is the tens digit of b?
1
Suppose -70 = -2*b + 20. What is the units digit of b?
5
Suppose 0 = -o + p - 1, -13 = -5*o - 7*p + 3*p. Suppose -z + o + 3 = 0. What is the units digit of z?
4
Suppose -3*p = -2*p - 6. Suppose -w = -p*w + 30. Let k = -4 + w. What is the units digit of k?
2
What is the tens digit of ((-544)/(-24))/(2/3)?
3
Let a = -3 - -10. Suppose -2*g - 170 = -a*g. What is the tens digit of g?
3
Suppose 28 = -5*h - 32. Let g = h - -17. What is the units digit of 6/g*(-60)/(-8)?
9
Suppose -2*t - 5*i + 43 = -8, 5*t = 4*i + 45. What is the tens digit of t?
1
Suppose 3*d + 0*d - 93 = 0. What is the units digit of d?
1
Let m be 495/4 + 2/8. Suppose m = t + 19. What is the units digit of t/12 + (-1)/(-4)?
9
Suppose 2*f - 5*f + 186 = 0. What is the units digit of f?
2
What is the units digit of 40/15*(-126)/(-8)?
2
Let v(l) = -l**3 + l**2 + 7. Let f be (0 + 0)*3/(-9). Let x be v(f). Suppose -u = -k - 0*k + 2, -4*u + x = k. What is the units digit of u?
1
Suppose -6*d = -3*d - 423. What is the tens digit of d?
4
Let l(u) = 6*u**2 + 4*u + 2. What is the units digit of l(-2)?
8
Let v be (-21)/12*(-1 + -3). Suppose 2*p + 87 = v*p + 2*x, 0 = -3*p + 5*x + 46. What is the tens digit of p?
1
Suppose 0 = -2*l + 12 + 8. Suppose t = 2 - l. Let j = 12 + t. What is the units digit of j?
4
Let f = -4 + 6. Suppose -f*w - 2 - 8 = 0, -5*p + 3*w = -30. Suppose k + 4 = 2*u, -p*k - 4 = -u - u. What is the units digit of u?
2
Suppose 2*i - 3 - 4 = g, -i - 10 = g. Suppose 0 = 2*b + 2*b - 64. Let j = g + b. What is the units digit of j?
7
Let k = -8 - -8. What is the tens digit of 14/5*(5 + k)?
1
Suppose o - 1680 = -4*o. Suppose 3*u - 9*u = -o. What is the units digit of u?
6
Suppose 3*q = 2*l + 11, -15 = -q - 4*q + 5*l. Suppose -4*r = -q*r - 12. What is the units digit of 35/4 + (-3)/r?
9
Let h be (1 - (-2 - -5))*-2. Suppose h*f - 21 = -4*k - k, 3*f - 4*k - 8 = 0. What is the units digit of f?
4
Let x(u) be the second derivative of -u**4/12 + u**3 - 2*u**2 + 2*u. Let i be x(5). Suppose -6 = -t + i. What is the units digit of t?
7
Let l = -10 + 67. What is the tens digit of l?
5
Let h be 3/(-6) + (-2)/(-4). Let a(c) = -1 + h*c**3 + c - c**3 + 4*c**2 - 3*c + 2*c**3. What is the units digit of a(-4)?
7
Let b be 1939/63 - (-4)/18. Suppose 0*z = -3*z + 15. Suppose -4*t + 30 = 2*a, 0 = 2*a + z*t - 4 - b. What is the units digit of a?
5
Suppose -10*y = -7*y - 135. What is the tens digit of y?
4
Let y = 10 - 9. What is the units digit of y?
1
Let v(d) = -54*d + 4. Let y be v(-3). Suppose 152 = 5*r - 4*j, 0 = -4*r - r - 3*j + y. What is the units digit of r?
2
Let f be 12/15*(9 - -1). Let y(z) = z - 10. Let m be y(f). Let t = -1 - m. What is the units digit of t?
1
Let z = 8 + -12. Let q = z + 6. What is the units digit of q?
2
Let g be 6/(-4) - 27/(-6). Suppose 0 = 3*j + g*z - 6, 4*j - 2*z - 23 = -z. Suppose 4*d - 9 = -0*c + c, d - 3*c = j. What is the units digit of d?
2
Let l(j) = 6*j + 6*j**2 + 0 + j**3 - 8 + 8*j**2. Let y(s) = 3*s**3 + 41*s**2 + 18*s - 24. Let r(v) = 17*l(v) - 6*y(v). What is the units digit of r(-7)?
1
Suppose 3*p = 2*n - 18, 0 = n + p + 5 - 4. Suppose 3*l + 1 - 7 = 0. Let m = l + n. What is the units digit of m?
5
Let o be 1/(1*1/3). Let h = 2 + o. What is the units digit of h?
5
Let r be 1 + -1 - (4 - -3). Let l(f) = -f - 1. What is the units digit of l(r)?
6
Let s(x) = -6*x**3 + x**2 + 2*x + 1. Let c be s(-1). Suppose t - 24 = 5*p, 3*p - c*p = t - 32. Let o = t - 18. What is the tens digit of o?
1
Let v(f) = f**3 + 5*f**2 - 7*f - 13. Let b be v(-6). Suppose 3*g = g - 4. Let x = g - b. What is the units digit of x?
5
Let a = 0 - -3. Suppose 0 = -5*h - 5*v - 20, -20 = h + 3*h + a*v. What is the units digit of (-6)/h - 9/(-4)?
3
Let l(y) = -y + 6. Let a be l(12). Let x = a - -30. What is the tens digit of x?
2
Let t = 5 + 2. Suppose 45 = -4*c + t*c. What is the units digit of c?
5
Suppose b + 9 = -g - b, -2*g - 5*b = 22. What is the units digit of 4 + -1 + g + 1?
3
Let p(u) = u**2 - 4*u. What is the units digit of p(5)?
5
Let s(n) = n**3 + 19*n**2 - 4*n + 19. What is the units digit of s(-19)?
5
Suppose 0*f - 11 = -3*v + 5*f, v + 2*f = 0. Let o be 4/2 - (-2 - -2). Suppose 2*u + v*z = o, 3*z = 2*u - 9 - 18. What is the units digit of u?
6
Let p = -8 - -2. Let n = p + 17. What is the tens digit of n?
1
Suppose 0*b = 2*b - 80. What is the units digit of b?
0
Let q = 50 + 26. What is the units digit of q?
6
Let t(n) = -9*n - 3. Let w be t(7). Let h be 6/(-15) - w/(-10). Let y(d) = -d**2 - 6*d + 9. What is the units digit of y(h)?
2
Suppose -111 - 353 = -4*k. What is the hundreds digit of k?
1
What is the tens digit of 14 + 12/(-8)*2?
1
Suppose 15*z - 5*z = 1380. What is the hundreds digit of z?
1
Let o(i) = i. Let u(z) be the third derivative of 7*z**6/120 + z**5/60 - z**3/6 + 3*z**2. Let m be u(1). What is the units digit of o(m)?
7
What is the tens digit of -3 - ((-20 - 2) + 4)?
1
Let o(i) = -2*i + 8. Let h be o(6). What is the units digit of (h - -7)*(-1)/(-1)?
3
Let l = -143 - -393. What is the units digit of l?
0
Let u(l) = -2*l - 5. Suppose -3*a - x = -0*a + 16, 2*a + x + 10 = 0. What is the units digit of u(a)?
7
Let a = 7 - -15. What is the units digit of a?
2
What is the units digit of (1116/(-20))/(-2*(-3)/(-20))?
6
Suppose -6 - 6 = -4*y. Suppose r + 2*g - y = -1, -r + 9 = -5*g. Let b = 12 - r. What is the units digit of b?
8
Let q be (7/3)/((-2)/12). What is the units digit of q/(-3)*(-6)/(-4)?
7
Let q be 0 - (2 + -4 + 2). Suppose q = -0*v - 2*v + 18. What is the units digit of v?
9
Suppose n + 16 = -0*g + 4*g, 5*g - 27 = 3*n. Suppose -3*x + 3 = -g. Suppose j = -w - x + 8, -w = 4. What is the units digit of j?
0
Let h = 1 + -2. Let m = -1